9 a factor of 16356?
False
Is 859448 a multiple of 158?
False
Is 40 a factor of 154600?
True
Is 777647 a multiple of 16?
False
Is 4434206 a multiple of 16?
False
Is 3594 even?
True
Is 42483 a multiple of 3?
True
Is 948536 a multiple of 483?
False
Is 3 a factor of 668689?
False
Is 5 a factor of 2165425?
True
Does 9 divide 1139777?
False
Does 6 divide 252875?
False
Does 33 divide 969804?
True
Is 3244437 a multiple of 476?
False
Does 102 divide 1723494?
True
Does 27 divide 25164?
True
Does 8 divide 4110184?
True
Does 7 divide 1049977?
False
Is 6 a factor of 1368768?
True
Is 1667280 a multiple of 17?
False
Does 75 divide 158345?
False
Is 47 a factor of 116413?
False
Is 1416388 even?
True
Does 532 divide 15428?
True
Is 4992891 a multiple of 37?
True
Is 1032462 a multiple of 82?
True
Does 449 divide 3829970?
True
Does 130 divide 5367069?
False
Does 117 divide 100503?
True
Does 5 divide 5765?
True
Does 26 divide 754676?
True
Is 441513 a multiple of 69?
False
Does 1746 divide 5634860?
False
Does 718 divide 3050954?
False
Is 23 a factor of 232116?
True
Does 268 divide 727483?
False
Is 60431 a multiple of 83?
False
Is 182 a factor of 101738?
True
Does 20 divide 139205?
False
Does 10 divide 39930?
True
Does 24 divide 9651840?
True
Is 123070 a multiple of 728?
False
Is 394632 a multiple of 522?
True
Is 1992 a multiple of 129?
False
Does 15 divide 1519050?
True
Is 260652 a multiple of 29?
True
Is 1799633 a multiple of 107?
True
Does 25 divide 8397500?
True
Is 10143492 a multiple of 10?
False
Is 89 a factor of 5129190?
False
Does 16 divide 166064?
True
Is 4987752 a multiple of 77?
True
Does 74 divide 283050?
True
Does 302 divide 25972?
True
Is 95 a factor of 104785?
True
Is 10 a factor of 29530?
True
Does 2286 divide 17188434?
True
Is 418950 a multiple of 3?
True
Is 121 a factor of 467221?
False
Is 1455154 a multiple of 10?
False
Is 190340 a multiple of 4?
True
Does 118 divide 226088?
True
Is 15456216 a multiple of 250?
False
Is 13 a factor of 60084?
False
Is 162008 a multiple of 88?
True
Does 5 divide 11023?
False
Is 36165 a multiple of 314?
False
Does 19 divide 47652?
True
Is 98 a factor of 1546342?
True
Is 756856 a multiple of 6?
False
Is 17322 a multiple of 3?
True
Is 46 a factor of 55727?
False
Is 81 a factor of 363999?
False
Is 1514864 a multiple of 165?
False
Is 39100 a multiple of 10?
True
Is 221665 a multiple of 43?
True
Does 530 divide 659002?
False
Does 108 divide 1238102?
False
Is 6 a factor of 135346?
False
Does 24 divide 1577232?
True
Is 1357154 a multiple of 13?
False
Is 170052 a multiple of 3?
True
Is 219 a factor of 183522?
True
Is 332 a factor of 440082?
False
Is 17606952 a multiple of 86?
True
Does 208 divide 67392?
True
Is 9 a factor of 1629429?
False
Is 71833 a multiple of 29?
True
Does 21 divide 6893187?
True
Is 21564 a multiple of 10?
False
Is 4 a factor of 2136540?
True
Is 18 a factor of 9906348?
False
Does 11 divide 513920?
True
Is 887629 a multiple of 57?
False
Is 40 a factor of 508960?
True
Does 381 divide 3878580?
True
Does 8 divide 85240?
True
Is 155 a factor of 29140?
True
Is 270552 a multiple of 72?
False
Is 20 a factor of 14557297?
False
Is 4 a factor of 26948?
True
Is 190 a factor of 2657530?
True
Is 10214 a multiple of 28?
False
Does 300 divide 14847?
False
Does 341 divide 11338932?
True
Does 10 divide 1258039?
False
Is 12 a factor of 22438980?
True
Is 1603224 a multiple of 21?
True
Does 143 divide 68068?
True
Does 18 divide 2239110?
True
Does 12 divide 186314?
False
Does 27 divide 96849?
True
Does 203 divide 379922?
False
Is 1873429 a multiple of 20?
False
Is 48810 a multiple of 179?
False
Is 193242 a multiple of 36?
False
Is 23 a factor of 17593?
False
Is 106 a factor of 24466072?
True
Does 337 divide 102785?
True
Is 2483859 a multiple of 1281?
True
Does 91 divide 1726953?
False
Is 14571090 a multiple of 90?
True
Does 84 divide 4764840?
False
Is 360 a factor of 260298?
False
Is 44 a factor of 59884?
True
Is 133961 a multiple of 649?
False
Does 3 divide 208793?
False
Does 18 divide 59657?
False
Is 342510 a multiple of 233?
True
Does 7 divide 1358632?
False
Does 158 divide 121976?
True
Is 6 a factor of 11238?
True
Is 7637150 a multiple of 575?
True
Does 1605 divide 4784505?
True
Is 42385 a multiple of 10?
False
Is 2646814 a multiple of 38?
True
Is 314 a factor of 983762?
True
Does 76 divide 11197117?
False
Is 7 a factor of 1374331?
True
Is 1687065 a multiple of 421?
False
Does 9 divide 312914?
False
Is 31 a factor of 770009?
True
Is 26 a factor of 1143976?
False
Is 1006068 a multiple of 196?
True
Is 21 a factor of 352860?
False
Is 1535 a factor of 5456925?
True
Is 185355 a multiple of 27?
True
Is 32 a factor of 829530?
False
Is 58186 a multiple of 74?
False
Is 11 a factor of 9713?
True
Does 159 divide 3324026?
False
Is 97 a factor of 789096?
False
Is 96 a factor of 820704?
True
Is 295 a factor of 1105654?
False
Is 900 a factor of 8664300?
True
Does 56 divide 206693?
False
Is 63 a factor of 2600766?
True
Is 2112 a multiple of 8?
True
Is 6 a factor of 177246?
True
Is 39297 a multiple of 12?
False
Does 149 divide 62580?
True
Does 165 divide 1312105?
False
Is 179768 a multiple of 8?
True
Is 102989 a multiple of 5?
False
Is 323 a factor of 234387?
False
Does 408 divide 504765?
False
Is 6503 a multiple of 47?
False
Is 300881 a multiple of 13?
False
Does 857 divide 2932320?
False
Does 507 divide 13204815?
True
Is 76 a factor of 411943?
False
Is 1413376 a multiple of 256?
True
Is 1179552 a multiple of 44?
True
Is 451 a factor of 257972?
True
Does 26 divide 434044?
True
Does 2 divide 88706?
True
Is 1148 a multiple of 164?
True
Does 25 divide 45062?
False
Does 32 divide 2337152?
True
Is 1098636 a multiple of 1148?
True
Is 930606 a multiple of 14?
False
Is 22 a factor of 14375372?
True
Does 62 divide 40672?
True
Is 11694 a multiple of 55?
False
Is 25885794 a multiple of 17?
False
Is 109940 a multiple of 2?
True
Is 68 a factor of 17177548?
True
Does 293 divide 23208?
False
Is 40 a factor of 340347?
False
Does 6 divide 358966?
False
Is 8 a factor of 2206642?
False
Is 865194 a multiple of 33?
True
Is 9140276 a multiple of 28?
False
Is 115 a factor of 63795?
False
Is 31 a factor of 5985232?
True
Is 2187216 a multiple of 27?
True
Is 158414 a multiple of 435?
False
Is 369 a factor of 160179?
False
Is 192840 a multiple of 30?
True
Does 389 divide 278428?
False
Is 14 a factor of 351822?
False
Is 1698164 a multiple of 113?
True
Is 13 a factor of 3856278?
False
Is 250480 a multiple of 101?
True
Is 10595112 a multiple of 17?
False
Is 12 a factor of 41748?
True
Is 57 a factor of 1209654?
True
Does 11 divide 451275?
True
Does 184 divide 346288?
True
Does 127 divide 2353669?
False
Is 16 a factor of 54304?
True
Is 160656 a multiple of 17?
False
Is 48 a factor of 354384?
True
Is 3913038 a multiple of 330?
False
Is 1050 a factor of 2757403?
False
Is 5938156 a multiple of 143?
False
Is 21 a factor of 500346?
True
Is 83 a factor of 70505?
False
Is 410586 a multiple of 6?
True
Does 416 divide 108160?
True
Does 30 divide 2701967?
False
Does 14 divide 210377?
False
Is 133536 a multiple of 16?
True
Does 135 divide 8909515?
False
Is 262329 a multiple of 40?
False
Is 11529 a multiple of 154?
False
Is 246 a factor of 1640165?
False
Is 455830 a multiple of 395?
True
Does 31 divide 15633120?
False
Is 23500 a multiple of 20?
True
Does 10 divide 113395?
False
Is 7046 a multiple of 10?
False
Is 5016449 a multiple of 301?
False
Is 227 a factor of 101469?
True
Is 58 a factor of 161066?
True
Is 413 a factor of 734314?
True
Does 120 divide 33039?
False
Is 98072 a multiple of 66?
False
Is 122 a factor of 40870?
True
Is 603664 a multiple of 29?
True
Does 253 divide 1056022?
True
Is 115896 a multiple of 33?
True
Is 51 a factor of 4736472?
True
Is 7 a factor of 17360?
True
Is 20 a factor of 8033282?
False
Does 372 divide 852726?
False
Is 1927485 a multiple of 45?
True
Is 259325 a multiple of 115?
True
Is 20365039 a multiple of 301?
False
Is 71 a factor of 2622570?
False
Is 22 a factor of 2175602?
True
Is 35 a factor of 186760?
True
Does 9 divide 5804694?
True
Is 13 a factor of 15879942?
True
Is 17573688 a multiple of 10?
False
Does 289 divide 510374?
True
Is 113 a factor of 923988?
False
Does 12 divide 733776?
True
Is 458 a factor of 13450978?
False
Does 123 divide 32